 u + 9*u + 0*u. Give s(6).
8
Let n = -1/103 - -107/412. Let k(c) be the first derivative of 2 + 0*c + 2*c**2 + 1/3*c**3 - n*c**4. What is k(3)?
-6
Let m(s) = -6*s**3 + 5*s**2 + 5*s + 11. Let i(r) = r**3 - 1. Let f(d) = -5*i(d) - m(d). Determine f(6).
0
Let d(x) = -x**3 + 6*x**2 + 9*x - 1. Let h(f) = -2*f**2 - 60*f + 204. Let z be h(-33). Give d(z).
53
Let n = -19 - -21. Let b(l) = -4*l - 5 + n*l + 4*l - l. Determine b(4).
-1
Let a(v) = v**3 - 7*v**2 + 10*v + 6. Let o be 6 + ((-2)/(-3))/(10/(-15)). Determine a(o).
6
Let d(u) = -8*u**2 - 2. Let o be ((-2)/6)/(33/297) + 5. Calculate d(o).
-34
Let x(r) = 3*r - 4. Let o(f) = f - 1. Let u(g) = -17*o(g) + 6*x(g). Let k be u(5). Let p(z) = -z - 1. Let b(a) = -1. Let v(q) = -b(q) + 2*p(q). Calculate v(k).
3
Let j be (3/(-6))/(1/10). Let c(q) = 25*q - 5 - 24*q + 10 - 6. Determine c(j).
-6
Let c = 18 + -3. Suppose -13*x - c = -10*x. Let z(f) = -f**3 - 5*f**2 + f - 1. Give z(x).
-6
Let h(r) = -r - 1. Let b be 0/((-12)/(-4)) - -4. Suppose -42 = -f + b*f. Let w = f + 19. Calculate h(w).
-6
Let a be (1/(-3))/(3/(-18)). Let r(b) = 11*b - 7*b + 1 - 5*b + 3*b**2 - 4*b**a. Determine r(-2).
-1
Suppose b + 48 = -5*u, 12 + 0 = -4*b. Let n(g) = g**2 + 9*g - 6. Determine n(u).
-6
Let i(d) be the second derivative of -5*d**4/12 + d**3/3 + d**2 + d - 431. Let z(l) = l**2 + 8*l - 7. Let p be z(-9). Determine i(p).
-14
Let o be 8 + (0 - 1) + -3. Let z(g) = -g**3 + g. Let d be z(-1). Let q(l) = -6 + l**2 - 3*l + d + 3. Give q(o).
1
Let s be 5 - (6/3 + 0). Suppose 0*y - 21 = -s*y. Let r(q) = -9*q**2 - 5*q + 5. Let g(n) = 13*n**2 + 8*n - 7. Let z(t) = y*r(t) + 5*g(t). Give z(-4).
12
Let y(d) = 3*d + 38. Suppose 63*i = -1113 + 105. Give y(i).
-10
Suppose 3*c = -9, 4*v = 4*c - 2*c + 30. Let j(h) = h**3 - h + 1. Let q(u) = -7*u**3 - 4*u**2 + 11*u - 7. Let z(n) = v*j(n) + q(n). What is z(-5)?
-1
Suppose -19 = 2*t + 3*d, 7*d = -5*t + 10*d - 100. Let u(z) = z**3 + 16*z**2 - 17*z + 2. What is u(t)?
2
Let u(i) be the second derivative of -1/12*i**4 + 3*i + 0*i**2 + 0 - 1/3*i**3. Suppose 7*v = 10*v + 3*f, 4*f = 2*v + 12. Determine u(v).
0
Let j(o) = -2 - 1 - 750*o**3 + 12*o**2 + 749*o**3 - 10*o. Determine j(11).
8
Let k(n) = -4*n**2 + n - 1. Let u(l) = -3*l**3 - 10*l**2 + 10. Let t be u(-3). Give k(t).
-4
Let j = 313 - 311. Let l(h) = 9*h - 5. Determine l(j).
13
Let s(h) = 3. Suppose 3*a - 4 = a + 4*z, -4*z = 0. Let x(l) = 1 - 3*l**a + 0*l**2 + 2*l**2. Let b(y) = s(y) - 2*x(y). Determine b(-2).
9
Let m(n) = -n + 7. Let b be 2/3 - (-306)/27. Let r be b/(-14)*(-28)/4. What is m(r)?
1
Let h(i) = -i**3 - i**2 - i + 2. Let f = -19 - -26. Suppose -3*c - n - f = 0, 3*c = 2*c + 4*n + 2. What is h(c)?
8
Let c(b) be the third derivative of 0*b**3 + 1/360*b**6 + 1/20*b**5 - 10*b**2 + 0 - 7/24*b**4 + 0*b. Let y(l) be the second derivative of c(l). Calculate y(-6).
-6
Let m(a) = a**2 + 9*a + 11. Let b(f) = -2*f - 4. Let l be b(-7). Let j be ((-1)/l - (-9)/(-6))*5. What is m(j)?
3
Let x be (1 + -2)/((-1)/5). Let y(k) = k**3 - 5*k**2 - 4*k + 3. Let r be y(6). Let q(s) = -30*s + 14*s + 2 + r*s. Give q(x).
-3
Let s(l) be the third derivative of l**4/24 + 5*l**3/3 + 6*l**2 - 14*l. Give s(7).
17
Let t(o) = -39 + 3*o + 31 + 28. Let u be t(-9). Let c(y) = -y**3 - 6*y**2 + 7*y - 2. Calculate c(u).
-2
Let j(a) = 0 - 8*a + 2*a - 1 + 5*a. What is j(6)?
-7
Let x(b) = 3*b + 8. Let p(l) = 3*l + 7. Let y(f) = 3*p(f) - 2*x(f). Give y(-5).
-10
Let x be 20/50 - ((-9)/5)/3. Let d(z) = -9*z**2 + z - 1. Suppose -n = 4*n - 5. Let a(h) = -h**2. Let p(m) = n*d(m) - 5*a(m). What is p(x)?
-4
Let h(a) be the second derivative of -a**5/20 + 5*a**4/6 + a**3/3 - 15*a**2/2 - 102*a. Give h(10).
5
Let z(u) = 2*u - 9. Let n be z(7). Let h = 9 - 7. Suppose -n = -h*d - 1. Let o(q) = 2*q**3 - 2*q**2 - q - 1. What is o(d)?
5
Let v(s) = 2*s**2 - 2*s + 1. Suppose -5*g - 2 = -4*a + 11, 2*g - 6 = -4*a. Suppose -a - 2 = -2*u. Let h(r) = -r**2 + 1. Let z(j) = u*h(j) - v(j). Give z(2).
-11
Let t = 649 + -646. Let i(y) = -9*y + 3. What is i(t)?
-24
Let j(x) be the second derivative of -x**3/6 - x**2 - 5*x. Let o(r) = r + 10. Let g be o(-6). Suppose -g*d + 3*t - 22 = 0, t - 2*t = -2*d - 10. Give j(d).
2
Let f(o) = -o**3 + 6*o**2 - 5*o + 6. Let b(x) = -x**2 - 2*x + 7. Let v be b(-5). Let w(t) = -3*t - 14. Let g be w(-9). Let k = g + v. What is f(k)?
6
Let n be (15/(-10))/(3/(-6)). Let g(u) = -2*u**2 + u**n + 5*u**2 - 5*u**2 - 3*u**3. Calculate g(-2).
8
Let g be -2 - (-14)/8 - (-453)/(-12). Let p = 33 + g. Let t(h) = -h**3 - 6*h**2 - 6*h - 1. What is t(p)?
4
Let v be 1/(-2)*0*6/(-12). Let p(c) = v*c + 0*c + 2*c + 2*c. Give p(-2).
-8
Let b be 7/3 + 8/(-24). Let t(g) = 12*g**b - 3*g**2 + 4 + 106*g**3 - 107*g**3 + 10*g - 5. Give t(10).
-1
Let s(f) = 8*f + 6*f + 6*f - f - 12*f + 13. Determine s(-9).
-50
Let c(p) be the second derivative of p**3/6 + 7*p**2 - 506*p. Give c(-10).
4
Let v(a) = -5*a - 3*a + 5*a - a - 5. Determine v(-2).
3
Suppose -4*o + 119 = w, 2*o - 72 = -2*w - 20. Let t(n) = -30*n - 5 + o*n + 3. What is t(2)?
0
Let x = 39 + -44. Let y(v) = v**3 + 4*v**2 - 6*v + 5. Determine y(x).
10
Let z(c) = 9*c**3 - 7*c**2 + 4*c - 8. Let a(f) = 22*f**3 - 15*f**2 + 8*f - 18. Let q(d) = -2*a(d) + 5*z(d). What is q(4)?
-4
Let d(f) = -11*f**3 + 23*f**2 - 3*f + 5. Let l(r) = -5*r**3 + 11*r**2 - 2*r + 3. Let w = 34 + -43. Let y(c) = w*l(c) + 4*d(c). Calculate y(6).
-7
Let k(n) = -n. Let q(y) = -5*y + 1. Let w(c) = -4*k(c) + q(c). Let a be (-8)/20 + (-44)/(-10). Determine w(a).
-3
Let r(d) = -8*d + 37*d + 2*d**2 - 23*d. What is r(-3)?
0
Suppose n + 0 = a + 1, -2*a = 5*n - 26. Suppose 0 = -6*t + 4*t - n. Let c(k) = -2*k - 3. Calculate c(t).
1
Let h(l) = -l - 1. Let t(y) = 2*y**3 - 8*y**2 - 2*y + 7. Let s be t(4). Calculate h(s).
0
Let y(i) be the second derivative of -i**5/20 + i**4/2 - 4*i**3/3 + 17*i**2/2 - 2*i + 31. Give y(5).
2
Let j(b) = 14 - 6 - b - 1 - 3. Suppose k + 2*n = 5 + 7, 0 = -4*k - 2*n + 24. What is j(k)?
0
Let i(m) be the second derivative of m**5/20 - 5*m**4/12 + m**3/3 - 4*m**2 + 148*m. Calculate i(5).
2
Let a(z) = -6*z**3 + 12*z**2 + z + 3. Let p(h) = 7*h**3 - 13*h**2 - 2*h - 2. Let q(b) = b - 3. Let o be q(-3). Let r(l) = o*a(l) - 5*p(l). Determine r(6).
-20
Suppose 8 = 6*k - 70. Suppose 0 = 9*x - k*x + 12. Let z(r) = 0*r - 2*r + 0 + 4*r**2 - 2 - 2*r**x + 0*r. What is z(2)?
-6
Suppose -3*t = -c - 0*t + 21, 0 = -5*c - t + 41. Let u(x) be the first derivative of -x**4/4 + 10*x**3/3 - 9*x**2/2 - 5*x - 3. Determine u(c).
-5
Let a(j) = 4*j - 3. Let l(b) = 3*b - 2. Let y(z) = 2*a(z) - 3*l(z). Let n = -39 - -55. Let s = 18 - n. Determine y(s).
-2
Let v(j) be the third derivative of -j**5/60 - j**4/24 - 16*j**3/3 + 55*j**2. Let t(l) be the first derivative of v(l). Give t(-5).
9
Suppose 2*d + v - 2 = 6*v, 10 = 5*v. Let u(j) = -j + 2 - 1 - 2. What is u(d)?
-7
Let o = -12 + 16. Suppose -5 = 5*v, -o*v - 5 + 1 = 2*b. Suppose b = w - 1 + 6. Let x(r) = -2*r - 5. Determine x(w).
5
Let n(r) = 3*r + 3. Let g(a) = -a**2 - 10*a - 5. Let b be g(0). Determine n(b).
-12
Suppose r = i + 26, -2*r + 4*i = -31 - 29. Let u(x) = x - 11. Let z(l) = -1. Let n(w) = r*z(w) - 2*u(w). Let j = 45 + -39. Calculate n(j).
-12
Let p(f) = f**3 - 18*f**2 - 20*f + 15. Let u be p(19). Let a(j) = j + 6. Let r(q) = -q - 13. Let c(n) = 5*a(n) + 2*r(n). Give c(u).
-8
Suppose 0 = -3*h - 3 - 6. Let v(w) = 5*w + 2. Let y(j) = j + 1. Let z(l) = l**3 - 2*l**2 - 2*l + 3. Let s be z(2). Let x(i) = s*v(i) + 6*y(i). What is x(h)?
1
Let a(b) be the first derivative of -b**2/2 - 2*b + 139. Give a(-8).
6
Let n(s) = 2*s - 26. Let j be n(14). Let q(o) = 172*o**j + o - o + 3 - 4*o - 171*o**2. Let a(c) = 4*c - 1. Let x be a(1). Calculate q(x).
0
Let x(p) = 8*p - 7. Let q(u) = -2*u + 2. Let r(w) = 2*q(w) + x(w). Suppose 8 = -2*l - 0. Give r(l).
-19
Let j(v) be the first derivative of -2*v**2 + 2*v - 116. What is j(4)?
-14
Let i(h) = h + 6. Let v(k) = -k - 6. Let g(t) = 6*i(t) + 5*v(t). What is g(0)?
6
Let i(a) = a + 15. Let k(r) = -r - 5. Let l(u) = i(u) + 2*k(u). What is l(3)?
2
Let y(c) = 4*c - 3*c - 3*c - 2*c**3 - 2*c**2 - 2*c**2 + 1. Let n = 6 - 2. Suppose 0*h + x = 4*h + 12, -3*h + 10 = n*x. Calculate y(h).
5
Let k(i) = 7*i**3 + 10*i**2 + i + 2*i - 16*i + i**3 - 4 - 7*i**3. Determine k(-11).
18
Let w(h) = h**2 - 6*h. Let q be ((-8)/(-40)